 6*y**2 + 9*y - 16. Give o(7).
-2
Let x(b) = b**2 - 7*b + 1. Determine x(8).
9
Let k(g) = -g**2 + 8*g - 6. Give k(3).
9
Let a(b) = -3*b**3 + 5*b**2 - 3. What is a(-1)?
5
Let j(s) = -s**2 - 5*s + 1. Give j(5).
-49
Let u(k) = -2*k + 9. Give u(-10).
29
Let g(t) = -2*t**2 + 67*t - 157. Determine g(31).
-2
Let k(w) = -w**2 - 10*w - 60. What is k(-6)?
-36
Let r(a) = a - 13. Calculate r(16).
3
Let x(s) = -s**2 - 6*s + 27. Give x(-7).
20
Let b(h) = 2*h + 35. What is b(-22)?
-9
Let q(b) = b**3 + 12*b**2 + 30*b - 16. Determine q(-8).
0
Let a(c) = 2*c**2 + 23*c + 9. Calculate a(-10).
-21
Let l(h) = 3*h - 102. What is l(17)?
-51
Let s(j) = -4*j - 56. What is s(-13)?
-4
Let a(s) = 16*s**3 + s**2 + s + 1. What is a(-1)?
-15
Let s(k) = 15*k - 4. Calculate s(-2).
-34
Let n(v) = 4*v - 37. Give n(8).
-5
Let c(q) = -q + 27. What is c(21)?
6
Let y(z) = z**2 + 19*z - 1. Determine y(-19).
-1
Let r(s) = s**2 + 8*s + 3. Determine r(-8).
3
Let o(y) = y**2 + 10*y. Calculate o(-8).
-16
Let n(g) = -g**2 - 22*g + 56. Calculate n(-24).
8
Let m(x) = -x + 12. What is m(8)?
4
Let l(x) = -x**2 + x - 9. Calculate l(0).
-9
Let m(c) = c**3 + 9*c**2 + 4*c - 3. What is m(-8)?
29
Let g(s) = -4*s**2 + 30*s + 4. What is g(6)?
40
Let o(m) = -m**2 + 9*m - 2. Calculate o(3).
16
Let l(t) = -3*t + 16. Give l(-27).
97
Let t(g) = -g**3 - 12*g**2 - 23*g - 36. What is t(-10)?
-6
Let a(v) = -v - 4. Determine a(2).
-6
Let g(x) = 65*x - 23. Calculate g(-2).
-153
Let x(r) = r**3 + 2*r + 1. Calculate x(-2).
-11
Let o(f) = -10*f**2 + f. Give o(-1).
-11
Let t(q) = -3*q - 2. What is t(-10)?
28
Let p(i) = 2*i - 18. Give p(11).
4
Let x(s) = -s**2 - 9*s + 25. Calculate x(-9).
25
Let v(d) = d**3 + 7*d**2 + 7*d - 1. What is v(-5)?
14
Let c(u) = 30*u + 304. Give c(-10).
4
Let q(a) = a**3 - 5*a**2 - 7*a - 1. What is q(7)?
48
Let s(i) = -46*i**2 - i - 1. What is s(-1)?
-46
Let u(q) = q**3 - 2*q**2 + 4*q - 4. Determine u(2).
4
Let o(h) = -4*h - 4. Determine o(2).
-12
Let d(s) = -s**2 + 8*s + 1. Give d(9).
-8
Let x(z) = -5*z - 32. Calculate x(11).
-87
Let c(h) = -h**2 - 4*h - 13. Calculate c(-3).
-10
Let r(i) = i**2 + 7*i + 5. Determine r(-5).
-5
Let r(a) = -a**2 + 21*a + 23. Give r(24).
-49
Let o(a) = a + 7. What is o(7)?
14
Let g(t) = 56*t + 5. Determine g(3).
173
Let g(y) = 2*y**3 - 9*y**2 + 10*y + 7. Give g(6).
175
Let i(z) = -z**3 + 4*z**2 + z - 2. Calculate i(4).
2
Let f(r) = 81*r + 161. Give f(-2).
-1
Let c(d) = -8*d**2 - d - 5. Determine c(4).
-137
Let s(k) = 2*k**2 - 27*k - 11. Calculate s(12).
-47
Let l(w) = 10*w - 56. Give l(7).
14
Let w(v) = -v**3 + 2*v**2 + 5. Give w(3).
-4
Let s(t) = 25*t**3 - t**2 + 2*t - 1. Give s(1).
25
Let y(n) = -n**3 - 11*n**2 - 11*n. Calculate y(-10).
10
Let k(s) = 44*s. What is k(-1)?
-44
Let t(d) = 4*d - 11. Determine t(5).
9
Let k(x) = 14*x - 21. Give k(-9).
-147
Let l(i) = -2*i**3 + 5*i - 2. Calculate l(3).
-41
Let m(h) = h + 27. Calculate m(-9).
18
Let a(b) = -3*b + 9. Calculate a(6).
-9
Let n(o) = o**3 - 8*o**2 + 14. Determine n(7).
-35
Let q(l) = -l**3 - 31*l**2 + 31*l - 25. Determine q(-32).
7
Let q(r) = r**2 - 41*r - 49. Give q(42).
-7
Let w(h) = -3*h**3 - 6*h**2 - 6*h + 2. Calculate w(-2).
14
Let r(t) = -t + 40. Give r(20).
20
Let c(h) = -22*h - 20. Calculate c(0).
-20
Let w(o) = 12*o**3 - o. Calculate w(1).
11
Let v(c) = 12*c - 346. Calculate v(29).
2
Let t(f) = 3*f + 43. Determine t(-18).
-11
Let d(h) = -2*h**2 - h + 2. What is d(1)?
-1
Let i(o) = o**2 + 10*o + 18. Give i(-8).
2
Let b(a) = a**2 + 3*a + 1. What is b(-4)?
5
Let w(d) = d**3 - 6*d**2 - 4. What is w(4)?
-36
Let w(a) = 21*a - 257. Calculate w(12).
-5
Let q(p) = -p**3 + 6*p**2 + 3*p - 4. Determine q(6).
14
Let h(k) = -k**2 + 36*k + 22. What is h(37)?
-15
Let t(y) = y**3 + 7*y**2 - 15*y - 2. What is t(-9)?
-29
Let x(u) = 8*u - 1. Determine x(1).
7
Let t(x) = x**2 - 3*x - 27. What is t(-8)?
61
Let x(q) = -q**2 - 2*q + 1. Give x(-5).
-14
Let p(a) = -4*a - 14. Determine p(-5).
6
Let h(t) = -2*t - 27. Give h(0).
-27
Let f(a) = 7*a + 2. Determine f(1).
9
Let v(t) = -7*t**3 + 2*t**2 - 2*t + 1. Determine v(1).
-6
Let n(x) = -4*x - 4. Calculate n(-2).
4
Let f(q) = -3*q**2 - q. Determine f(-1).
-2
Let i(t) = -t**2 - 8*t - 10. Calculate i(-6).
2
Let l(p) = -p**3 - 14*p**2 + 11*p - 56. Calculate l(-15).
4
Let h(m) = 3*m + 12. What is h(-5)?
-3
Let l(c) = 8*c**3 - 2*c**2 - c + 1. Calculate l(1).
6
Let n(k) = -k**3 - k**2 + 32. What is n(0)?
32
Let p(q) = -q**3 - 10*q**2 + 11*q + 7. What is p(-11)?
7
Let y(i) = i + 23. What is y(-25)?
-2
Let o(r) = -r**2 + 9*r + 34. What is o(14)?
-36
Let i(q) = 7*q**2 - 3*q - 4. Give i(3).
50
Let c(k) = 15*k - 30. Determine c(9).
105
Let n(i) = 10*i**2 + 6*i + 10. Calculate n(-2).
38
Let d(s) = -s**3 - 9*s**2 - 10*s + 17. Give d(-7).
-11
Let u(m) = m**3 - 9*m**2 + 10*m - 5. Give u(8).
11
Let x(h) = -3*h**2 - 6*h + 10. Determine x(-4).
-14
Let w(p) = 2*p - 27. Give w(8).
-11
Let t(k) = k**2 + 15*k + 45. What is t(-11)?
1
Let y(t) = t + 11. What is y(-7)?
4
Let z(m) = 3*m + 3. Give z(2).
9
Let h(o) = 17*o - 8. Calculate h(-2).
-42
Let k(h) = -h**2 - 13*h - 15. Calculate k(-14).
-29
Let r(b) = -b**3 - 6*b**2 - 10*b - 16. Determine r(-5).
9
Let s(y) = y**3 - 5*y**2 + 2*y + 4. Calculate s(6).
52
Let g(n) = 7*n**2 - 2*n + 3. Give g(-4).
123
Let f(k) = k**2 + 31*k - 1020. Calculate f(-51).
0
Let z(g) = -20*g - 5. Calculate z(5).
-105
Let l(h) = h**2 - 18*h - 23. Give l(19).
-4
Let z(m) = 5*m + 32. Calculate z(-6).
2
Let i(j) = -j - 6. Calculate i(-12).
6
Let r(u) = -u**2 - 3*u + 1. Calculate r(-2).
3
Let u(z) = -z**3 + 9*z**2 - 2*z + 15. What is u(8)?
63
Let f(n) = -n**2 - 8*n - 10. Give f(-5).
5
Let w(y) = -5*y**2 + 2*y - 2. Calculate w(1).
-5
Let s(x) = 12*x + 89. Give s(-7).
5
Let o(z) = z**2 - 11*z + 14. Calculate o(4).
-14
Let l(r) = -r**3 + 7*r**2 + 10*r + 5. What is l(8)?
21
Let n(z) = z**3 + 5*z**2 - 7*z + 15. Give n(-7).
-34
Let c(k) = -k + 13. Calculate c(5).
8
Let c(j) = -j**2 - 4*j + 55. What is c(5)?
10
Let q(j) = j**3 + 2*j**2 - j - 3. Determine q(-3).
-9
Let j(t) = -t**3 + 5*t**2 - 18. What is j(4)?
-2
Let f(r) = -22*r + 4. Determine f(3).
-62
Let a(u) = 3*u**3 - 27*u**2 - 4*u + 21. Determine a(9).
-15
Let f(m) = 3*m**2 - 1. Calculate f(1).
2
Let m(d) = -2*d**2 + 18*d - 24. Give m(7).
4
Let i(l) = -6*l + 4. Determine i(-6).
40
Let j(b) = -2*b**2 - 39*b + 11. Give j(-20).
-9
Let v(d) = -2*d - 5. Give v(-12).
19
Let g(u) = u**3 + 11*u**2 + 4*u + 28. What is g(-11)?
-16
Let t(b) = b**3 + 21*b**2 - 21*b + 33. Give t(-22).
11
Let r(g) = g**3 + 5*g**2 - 14*g - 1. Determine r(-7).
-1
Let k(u) = -6*u + 17. What is k(2)?
5
Let t(p) = -p + 38. Determine t(32).
6
Let k(s) = 2*s - 3. What is k(7)?
11
Let s(o) = o**2 + 2*o + 2. What is s(-7)?
37
Let a(h) = 4*h**2 - 66*h - 24. Calculate a(17).
10
Let q(a) = a**2 + 6*a + 9. What is q(-4)?
1
Let t(q) = -q**3 + 5*q**2 - 2*q - 3. What is t(6)?
-51
Let y(f) = -f**3 - 11*f**2 - 14*f - 47. Determine y(-10).
-7
Let a(f) = -21*f + 185. Give a(9).
-4
Let k(r) = 2*r - 1. Give k(-1).
-3
Let u(d) = 2*d**2 - 4. What is u(-3)?
14
Let r(b) = 2*b + 6. Give r(0).
6
Let z(a) = -a**3 - 11*a**2 - 22*a + 15. What is z(-8)?
-1
Let f(m) = -m**2 + 36*m - 295. Determine f(22).
13
Let b(a) = -a**3 - 24*a**2 + 53*a + 44. What is b(-26)?
18
Let c(r) = 15*r - 2. Determine c(2).
28
Let f(s) = -s**2 - 8*s - 3. Calculate f(-6).
9
Let g(n) = 4*n - 25. Determine g(7).
3
Let d(x) = -15*x + 37. Determine d(6).
-53
Let z(u) = u**3 + 8*u**2 + 5*u - 18. Calculate z(-7).
-4
Let m(l) = l**3 - 3*l**2 - 57*l - 4. Calculate m(-6).
14
Let f(q) = -12*q + 3. Give f(5).
-57
Let z(p) = -157*p + 784. Calculate z(5).
-1
Let s(h) = -h**3 - 38*h**2 - 74*h - 83. Determine s(-36).
-11
Let t(i) = i**3 + 2*i**2 - 11*i + 15. What is t(-5)?
-5
Let t(k) = k**3 + 7*k**2 + 7*k + 6. Determine t(-4).
26
Let q(k) = k**2 + k + 5. What is q(-5)?
25
Let l(h) = h**2 - 5*h - 6. Calculate l(-2).
8
Let o(y) = -4*y + 4. Give o(2).
-4
Let a(g) = -g**3 + 12*g**2 - 10*g - 11. Determine a(11).
0
Let x(k) = -14*k - 41. Calculate x(-3).
1
Let i(d) = d**2 + 12*d + 3. What is i(-4)?
-29
Let m(h) = -h**3 + 11*h**2 + 5*h - 31. Calculate m(11).
24
Let u(o) = -o**3 - 7*o**2 + 2*o + 10. Give u(-7).
-4
Let s(l) = l**3 + 5*l**2 - 11*l - 15. Calculate s(-6).
15
Let t(i) = -145*i - 2615. Determine t(-18).
-5
Let h(o) = -o